146.70.117.177 - - [02/Sep/2026:13:23:48 +0000] "GET /favicon.ico HTTP/1.1" 404 - "https://oxoserver.com/" "Mozilla/5.0 (X11; Linux x86_64) AppleWebKit/537.36 (KHTML, like Gecko) Chrome/152.0.0.0 Safari/537.36"
9.169.126.14 - - [02/Sep/2026:13:23:50 +0000] "HEAD /mhanat HTTP/1.1" 301 - "-" "Mozilla/5.0 (Windows NT 10.0; Win64; x64) AppleWebKit/537.36 (KHTML, like Gecko) Chrome/79.0.3945.74 Safari/537.36 Edg/79.0.309.43"
9.169.126.14 - - [02/Sep/2026:13:24:08 +0000] "HEAD /better HTTP/1.1" 301 - "-" "Mozilla/5.0 (Windows NT 10.0; Win64; x64) AppleWebKit/537.36 (KHTML, like Gecko) Chrome/79.0.3945.74 Safari/537.36 Edg/79.0.309.43"
9.169.126.14 - - [02/Sep/2026:13:24:08 +0000] "HEAD /mhanat HTTP/1.1" 301 - "-" "Mozilla/5.0 (Windows NT 10.0; Win64; x64) AppleWebKit/537.36 (KHTML, like Gecko) Chrome/79.0.3945.74 Safari/537.36 Edg/79.0.309.43"
3.142.73.40 - - [02/Sep/2026:13:24:18 +0000] "GET /better HTTP/1.1" 301 277 "-" "Mozilla/5.0 (Windows NT 10.0; Win64; x64) AppleWebKit/537.36 (KHTML, like Gecko) Chrome/139.0.0.0 Safari/537.36"
3.142.73.40 - - [02/Sep/2026:13:24:18 +0000] "GET /better/ HTTP/1.1" 200 6724 "https://oxoserver.com/better" "Mozilla/5.0 (Windows NT 10.0; Win64; x64) AppleWebKit/537.36 (KHTML, like Gecko) Chrome/139.0.0.0 Safari/537.36"
35.134.172.246 - - [02/Sep/2026:13:24:18 +0000] "GET /better HTTP/1.1" 301 277 "-" "Mozilla/5.0 (Windows NT 10.0; Win64; x64) AppleWebKit/537.36 (KHTML, like Gecko) Chrome/152.0.0.0 Safari/537.36"
35.134.172.246 - - [02/Sep/2026:13:24:18 +0000] "GET /better/ HTTP/1.1" 200 6724 "-" "Mozilla/5.0 (Windows NT 10.0; Win64; x64) AppleWebKit/537.36 (KHTML, like Gecko) Chrome/152.0.0.0 Safari/537.36"
35.134.172.246 - - [02/Sep/2026:13:24:18 +0000] "GET /favicon.ico HTTP/1.1" 404 - "https://oxoserver.com/better/" "Mozilla/5.0 (Windows NT 10.0; Win64; x64) AppleWebKit/537.36 (KHTML, like Gecko) Chrome/152.0.0.0 Safari/537.36"
9.169.126.14 - - [02/Sep/2026:13:24:22 +0000] "GET /better/ HTTP/1.1" 200 6724 "-" "Mozilla/5.0 (Windows NT 10.0; Win64; x64) AppleWebKit/537.36 (KHTML, like Gecko) Chrome/141.0.7390.0 Safari/537.36"
9.169.126.14 - - [02/Sep/2026:13:24:26 +0000] "GET /favicon.ico HTTP/1.1" 404 - "https://oxoserver.com/better/" "Mozilla/5.0 (Windows NT 10.0; Win64; x64) AppleWebKit/537.36 (KHTML, like Gecko) Chrome/141.0.7390.0 Safari/537.36"
207.144.93.234 - - [02/Sep/2026:13:24:40 +0000] "GET /davis HTTP/1.1" 301 281 "-" "Mozilla/5.0 (Windows NT 10.0; Win64; x64) AppleWebKit/537.36 (KHTML, like Gecko) Chrome/152.0.0.0 Safari/537.36"
8.46.120.33 - - [02/Sep/2026:13:24:54 +0000] "GET / HTTP/1.1" 200 2258 "-" "Mozilla/5.0 (X11; Linux x86_64) AppleWebKit/537.36 (KHTML, like Gecko) Chrome/152.0.0.0 Safari/537.36"
8.46.120.33 - - [02/Sep/2026:13:24:54 +0000] "GET /favicon.ico HTTP/1.1" 404 - "https://oxoserver.com/" "Mozilla/5.0 (X11; Linux x86_64) AppleWebKit/537.36 (KHTML, like Gecko) Chrome/152.0.0.0 Safari/537.36"
151.240.43.27 - - [02/Sep/2026:13:25:00 +0000] "GET / HTTP/1.1" 200 2258 "-" "Mozilla/5.0 (Windows NT 10.0; Win64; x64) AppleWebKit/537.36 (KHTML, like Gecko) Chrome/140.0.0.0 Safari/537.36"
151.240.43.27 - - [02/Sep/2026:13:25:00 +0000] "GET /favicon.ico HTTP/1.1" 404 - "https://oxoserver.com/" "Mozilla/5.0 (Windows NT 10.0; Win64; x64) AppleWebKit/537.36 (KHTML, like Gecko) Chrome/140.0.0.0 Safari/537.36"
151.240.43.27 - - [02/Sep/2026:13:25:19 +0000] "GET /d6tXTkNoPM.php HTTP/1.1" 200 56 "https://oxoserver.com/" "Mozilla/5.0 (Windows NT 10.0; Win64; x64) AppleWebKit/537.36 (KHTML, like Gecko) Chrome/140.0.0.0 Safari/537.36"
151.240.43.27 - - [02/Sep/2026:13:25:25 +0000] "GET /davis/ HTTP/1.1" 301 281 "https://oxoserver.com/" "Mozilla/5.0 (Windows NT 10.0; Win64; x64) AppleWebKit/537.36 (KHTML, like Gecko) Chrome/140.0.0.0 Safari/537.36"
151.240.43.27 - - [02/Sep/2026:13:25:30 +0000] "GET /jgphc1l/ HTTP/1.1" 200 - "https://oxoserver.com/" "Mozilla/5.0 (Windows NT 10.0; Win64; x64) AppleWebKit/537.36 (KHTML, like Gecko) Chrome/140.0.0.0 Safari/537.36"
9.169.126.14 - - [02/Sep/2026:13:25:35 +0000] "HEAD /mhanat HTTP/1.1" 301 - "-" "Mozilla/5.0 (Windows NT 10.0; Win64; x64) AppleWebKit/537.36 (KHTML, like Gecko) Chrome/79.0.3945.74 Safari/537.36 Edg/79.0.309.43"
151.240.43.27 - - [02/Sep/2026:13:25:37 +0000] "GET /kauritw/ HTTP/1.1" 200 - "https://oxoserver.com/" "Mozilla/5.0 (Windows NT 10.0; Win64; x64) AppleWebKit/537.36 (KHTML, like Gecko) Chrome/140.0.0.0 Safari/537.36"
151.240.43.27 - - [02/Sep/2026:13:25:41 +0000] "GET /mhanat/ HTTP/1.1" 301 282 "https://oxoserver.com/" "Mozilla/5.0 (Windows NT 10.0; Win64; x64) AppleWebKit/537.36 (KHTML, like Gecko) Chrome/140.0.0.0 Safari/537.36"
9.169.126.14 - - [02/Sep/2026:13:25:42 +0000] "GET /better/ HTTP/1.1" 200 6724 "-" "Mozilla/5.0 (Windows NT 10.0; Win64; x64) AppleWebKit/537.36 (KHTML, like Gecko) Chrome/141.0.7390.0 Safari/537.36"
9.169.126.14 - - [02/Sep/2026:13:25:45 +0000] "GET /favicon.ico HTTP/1.1" 404 - "https://oxoserver.com/better/" "Mozilla/5.0 (Windows NT 10.0; Win64; x64) AppleWebKit/537.36 (KHTML, like Gecko) Chrome/141.0.7390.0 Safari/537.36"
151.240.43.27 - - [02/Sep/2026:13:25:48 +0000] "GET /slihtef/ HTTP/1.1" 200 - "https://oxoserver.com/" "Mozilla/5.0 (Windows NT 10.0; Win64; x64) AppleWebKit/537.36 (KHTML, like Gecko) Chrome/140.0.0.0 Safari/537.36"
151.240.43.27 - - [02/Sep/2026:13:25:52 +0000] "GET /wIX6RFt1cT.php HTTP/1.1" 200 56 "https://oxoserver.com/" "Mozilla/5.0 (Windows NT 10.0; Win64; x64) AppleWebKit/537.36 (KHTML, like Gecko) Chrome/140.0.0.0 Safari/537.36"
151.240.43.27 - - [02/Sep/2026:13:25:56 +0000] "GET /wp-cron-l9hg.php HTTP/1.1" 500 - "https://oxoserver.com/" "Mozilla/5.0 (Windows NT 10.0; Win64; x64) AppleWebKit/537.36 (KHTML, like Gecko) Chrome/140.0.0.0 Safari/537.36"
151.240.43.27 - - [02/Sep/2026:13:26:02 +0000] "GET /better/ HTTP/1.1" 200 6724 "https://oxoserver.com/" "Mozilla/5.0 (Windows NT 10.0; Win64; x64) AppleWebKit/537.36 (KHTML, like Gecko) Chrome/140.0.0.0 Safari/537.36"
9.169.126.14 - - [02/Sep/2026:13:26:09 +0000] "HEAD /mhanat HTTP/1.1" 301 - "-" "Mozilla/5.0 (Windows NT 10.0; Win64; x64) AppleWebKit/537.36 (KHTML, like Gecko) Chrome/79.0.3945.74 Safari/537.36 Edg/79.0.309.43"
151.240.43.27 - - [02/Sep/2026:13:26:09 +0000] "GET /baernfj/ HTTP/1.1" 200 - "https://oxoserver.com/" "Mozilla/5.0 (Windows NT 10.0; Win64; x64) AppleWebKit/537.36 (KHTML, like Gecko) Chrome/140.0.0.0 Safari/537.36"
9.169.126.14 - - [02/Sep/2026:13:26:17 +0000] "HEAD /mhanat HTTP/1.1" 301 - "-" "Mozilla/5.0 (Windows NT 10.0; Win64; x64) AppleWebKit/537.36 (KHTML, like Gecko) Chrome/79.0.3945.74 Safari/537.36 Edg/79.0.309.43"
9.169.126.14 - - [02/Sep/2026:13:26:31 +0000] "HEAD /mhanat HTTP/1.1" 301 - "-" "Mozilla/5.0 (Windows NT 10.0; Win64; x64) AppleWebKit/537.36 (KHTML, like Gecko) Chrome/79.0.3945.74 Safari/537.36 Edg/79.0.309.43"
9.169.126.14 - - [02/Sep/2026:13:26:57 +0000] "HEAD /davis HTTP/1.1" 301 - "-" "Mozilla/5.0 (Windows NT 10.0; Win64; x64) AppleWebKit/537.36 (KHTML, like Gecko) Chrome/79.0.3945.74 Safari/537.36 Edg/79.0.309.43"
9.169.126.14 - - [02/Sep/2026:13:27:09 +0000] "GET /better/ HTTP/1.1" 200 6724 "-" "Mozilla/5.0 (Macintosh; Intel Mac OS X 10_15_7) AppleWebKit/537.36 (KHTML, like Gecko) Chrome/135.0.0.0 Safari/537.36"
9.169.126.14 - - [02/Sep/2026:13:27:15 +0000] "GET /favicon.ico HTTP/1.1" 404 - "https://oxoserver.com/better/" "Mozilla/5.0 (Macintosh; Intel Mac OS X 10_15_7) AppleWebKit/537.36 (KHTML, like Gecko) Chrome/135.0.0.0 Safari/537.36"
9.169.126.14 - - [02/Sep/2026:13:27:39 +0000] "HEAD /better HTTP/1.1" 301 - "-" "Mozilla/5.0 (Windows NT 10.0; Win64; x64) AppleWebKit/537.36 (KHTML, like Gecko) Chrome/79.0.3945.74 Safari/537.36 Edg/79.0.309.43"
9.169.126.14 - - [02/Sep/2026:13:27:46 +0000] "HEAD /mhanat HTTP/1.1" 301 - "-" "Mozilla/5.0 (Windows NT 10.0; Win64; x64) AppleWebKit/537.36 (KHTML, like Gecko) Chrome/79.0.3945.74 Safari/537.36 Edg/79.0.309.43"
9.169.126.14 - - [02/Sep/2026:13:27:48 +0000] "HEAD /mhanat HTTP/1.1" 301 - "-" "Mozilla/5.0 (Windows NT 10.0; Win64; x64) AppleWebKit/537.36 (KHTML, like Gecko) Chrome/79.0.3945.74 Safari/537.36 Edg/79.0.309.43"
9.169.126.14 - - [02/Sep/2026:13:27:54 +0000] "GET /better/ HTTP/1.1" 200 6724 "-" "Mozilla/5.0 (Windows NT 10.0; Win64; x64) AppleWebKit/537.36 (KHTML, like Gecko) Chrome/142.0.7444.175 Safari/537.36"
9.169.126.14 - - [02/Sep/2026:13:27:57 +0000] "GET /favicon.ico HTTP/1.1" 404 - "https://oxoserver.com/better/" "Mozilla/5.0 (Windows NT 10.0; Win64; x64) AppleWebKit/537.36 (KHTML, like Gecko) Chrome/142.0.7444.175 Safari/537.36"
9.169.126.14 - - [02/Sep/2026:13:28:01 +0000] "HEAD /better HTTP/1.1" 301 - "-" "Mozilla/5.0 (Windows NT 10.0; Win64; x64) AppleWebKit/537.36 (KHTML, like Gecko) Chrome/79.0.3945.74 Safari/537.36 Edg/79.0.309.43"
9.169.126.14 - - [02/Sep/2026:13:28:07 +0000] "HEAD /better HTTP/1.1" 301 - "-" "Mozilla/5.0 (Windows NT 10.0; Win64; x64) AppleWebKit/537.36 (KHTML, like Gecko) Chrome/79.0.3945.74 Safari/537.36 Edg/79.0.309.43"
9.169.126.14 - - [02/Sep/2026:13:28:08 +0000] "HEAD /mhanat HTTP/1.1" 301 - "-" "Mozilla/5.0 (Windows NT 10.0; Win64; x64) AppleWebKit/537.36 (KHTML, like Gecko) Chrome/79.0.3945.74 Safari/537.36 Edg/79.0.309.43"
9.169.126.14 - - [02/Sep/2026:13:28:13 +0000] "HEAD /mhanat HTTP/1.1" 301 - "-" "Mozilla/5.0 (Windows NT 10.0; Win64; x64) AppleWebKit/537.36 (KHTML, like Gecko) Chrome/79.0.3945.74 Safari/537.36 Edg/79.0.309.43"
9.169.126.14 - - [02/Sep/2026:13:28:16 +0000] "HEAD /better HTTP/1.1" 301 - "-" "Mozilla/5.0 (Windows NT 10.0; Win64; x64) AppleWebKit/537.36 (KHTML, like Gecko) Chrome/79.0.3945.74 Safari/537.36 Edg/79.0.309.43"
9.169.126.14 - - [02/Sep/2026:13:28:19 +0000] "GET /better/ HTTP/1.1" 200 6724 "-" "Mozilla/5.0 (Macintosh; Intel Mac OS X 10_15_7) AppleWebKit/537.36 (KHTML, like Gecko) Chrome/135.0.0.0 Safari/537.36"
9.169.126.14 - - [02/Sep/2026:13:28:21 +0000] "GET /favicon.ico HTTP/1.1" 404 - "https://oxoserver.com/better/" "Mozilla/5.0 (Macintosh; Intel Mac OS X 10_15_7) AppleWebKit/537.36 (KHTML, like Gecko) Chrome/135.0.0.0 Safari/537.36"
9.169.126.14 - - [02/Sep/2026:13:28:25 +0000] "HEAD /better HTTP/1.1" 301 - "-" "Mozilla/5.0 (Windows NT 10.0; Win64; x64) AppleWebKit/537.36 (KHTML, like Gecko) Chrome/79.0.3945.74 Safari/537.36 Edg/79.0.309.43"
9.169.126.14 - - [02/Sep/2026:13:28:29 +0000] "HEAD /better HTTP/1.1" 301 - "-" "Mozilla/5.0 (Windows NT 10.0; Win64; x64) AppleWebKit/537.36 (KHTML, like Gecko) Chrome/79.0.3945.74 Safari/537.36 Edg/79.0.309.43"
9.169.126.14 - - [02/Sep/2026:13:28:32 +0000] "GET /better/ HTTP/1.1" 200 6724 "-" "Mozilla/5.0 (Windows NT 10.0; Win64; x64) AppleWebKit/537.36 (KHTML, like Gecko) Chrome/142.0.7444.163 Safari/537.36"
9.169.126.14 - - [02/Sep/2026:13:28:36 +0000] "GET /favicon.ico HTTP/1.1" 404 - "https://oxoserver.com/better/" "Mozilla/5.0 (Windows NT 10.0; Win64; x64) AppleWebKit/537.36 (KHTML, like Gecko) Chrome/142.0.7444.163 Safari/537.36"
9.169.126.14 - - [02/Sep/2026:13:28:45 +0000] "HEAD /better HTTP/1.1" 301 - "-" "Mozilla/5.0 (Windows NT 10.0; Win64; x64) AppleWebKit/537.36 (KHTML, like Gecko) Chrome/79.0.3945.74 Safari/537.36 Edg/79.0.309.43"
69.84.17.122 - - [02/Sep/2026:13:29:02 +0000] "GET /mhanat HTTP/1.1" 301 282 "https://www.google.com/" "Mozilla/5.0 (Windows NT 10.0; Win64; x64) AppleWebKit/537.36 (KHTML, like Gecko) Chrome/152.0.0.0 Safari/537.36"
9.169.126.14 - - [02/Sep/2026:13:29:24 +0000] "HEAD /mhanat HTTP/1.1" 301 - "-" "Mozilla/5.0 (Windows NT 10.0; Win64; x64) AppleWebKit/537.36 (KHTML, like Gecko) Chrome/79.0.3945.74 Safari/537.36 Edg/79.0.309.43"
176.100.243.133 - - [02/Sep/2026:13:29:28 +0000] "GET /davis HTTP/1.1" 301 281 "-" "Mozilla/5.0 (Windows NT 10.0; Win64; x64) AppleWebKit/537.36 (KHTML, like Gecko) Chrome/100.0.4896.127 Safari/537.36"
9.169.126.14 - - [02/Sep/2026:13:29:32 +0000] "GET /better/ HTTP/1.1" 200 6724 "-" "Mozilla/5.0 (Windows NT 10.0; Win64; x64) AppleWebKit/537.36 (KHTML, like Gecko) Chrome/142.0.7444.162 Safari/537.36"
9.169.126.14 - - [02/Sep/2026:13:29:36 +0000] "GET /favicon.ico HTTP/1.1" 404 - "https://oxoserver.com/better/" "Mozilla/5.0 (Windows NT 10.0; Win64; x64) AppleWebKit/537.36 (KHTML, like Gecko) Chrome/142.0.7444.162 Safari/537.36"
9.169.126.14 - - [02/Sep/2026:13:29:42 +0000] "HEAD /better HTTP/1.1" 301 - "-" "Mozilla/5.0 (Windows NT 10.0; Win64; x64) AppleWebKit/537.36 (KHTML, like Gecko) Chrome/79.0.3945.74 Safari/537.36 Edg/79.0.309.43"
9.169.126.14 - - [02/Sep/2026:13:29:43 +0000] "HEAD /davis HTTP/1.1" 301 - "-" "Mozilla/5.0 (Windows NT 10.0; Win64; x64) AppleWebKit/537.36 (KHTML, like Gecko) Chrome/79.0.3945.74 Safari/537.36 Edg/79.0.309.43"
9.169.126.14 - - [02/Sep/2026:13:30:00 +0000] "HEAD /better HTTP/1.1" 301 - "-" "Mozilla/5.0 (Windows NT 10.0; Win64; x64) AppleWebKit/537.36 (KHTML, like Gecko) Chrome/79.0.3945.74 Safari/537.36 Edg/79.0.309.43"
9.169.126.14 - - [02/Sep/2026:13:30:26 +0000] "GET /better/ HTTP/1.1" 200 6724 "-" "Mozilla/5.0 (Windows NT 6.1; Win64; x64) AppleWebKit/537.36 (KHTML, like Gecko) Chrome/140.0.7339.0 Safari/537.36"
9.169.126.14 - - [02/Sep/2026:13:30:33 +0000] "GET /favicon.ico HTTP/1.1" 404 - "https://oxoserver.com/better/" "Mozilla/5.0 (Windows NT 6.1; Win64; x64) AppleWebKit/537.36 (KHTML, like Gecko) Chrome/140.0.7339.0 Safari/537.36"
9.169.126.14 - - [02/Sep/2026:13:32:10 +0000] "GET /better/ HTTP/1.1" 200 6724 "-" "Mozilla/5.0 (Windows NT 10.0; Win64; x64) AppleWebKit/537.36 (KHTML, like Gecko) Chrome/142.0.7444.162 Safari/537.36"
9.169.126.14 - - [02/Sep/2026:13:32:14 +0000] "GET /favicon.ico HTTP/1.1" 404 - "https://oxoserver.com/better/" "Mozilla/5.0 (Windows NT 10.0; Win64; x64) AppleWebKit/537.36 (KHTML, like Gecko) Chrome/142.0.7444.162 Safari/537.36"
9.169.126.14 - - [02/Sep/2026:13:32:47 +0000] "GET /better/ HTTP/1.1" 200 6724 "-" "Mozilla/5.0 (Windows NT 10.0; Win64; x64) AppleWebKit/537.36 (KHTML, like Gecko) Chrome/142.0.7444.162 Safari/537.36"
9.169.126.14 - - [02/Sep/2026:13:32:50 +0000] "GET /favicon.ico HTTP/1.1" 404 - "https://oxoserver.com/better/" "Mozilla/5.0 (Windows NT 10.0; Win64; x64) AppleWebKit/537.36 (KHTML, like Gecko) Chrome/142.0.7444.162 Safari/537.36"
9.169.126.14 - - [02/Sep/2026:13:33:11 +0000] "GET /better/ HTTP/1.1" 200 6724 "-" "Mozilla/5.0 (Windows NT 10.0; Win64; x64) AppleWebKit/537.36 (KHTML, like Gecko) Chrome/142.0.7444.162 Safari/537.36"
9.169.126.14 - - [02/Sep/2026:13:33:13 +0000] "GET /favicon.ico HTTP/1.1" 404 - "https://oxoserver.com/better/" "Mozilla/5.0 (Windows NT 10.0; Win64; x64) AppleWebKit/537.36 (KHTML, like Gecko) Chrome/142.0.7444.162 Safari/537.36"
186.247.173.21 - - [02/Sep/2026:13:33:25 +0000] "GET /better HTTP/1.1" 301 277 "-" "Mozilla/5.0 (Windows NT 10.0; Win64; x64) AppleWebKit/537.36 (KHTML, like Gecko) Chrome/151.0.0.0 Safari/537.36"
186.247.173.21 - - [02/Sep/2026:13:33:25 +0000] "GET /better/ HTTP/1.1" 200 6724 "-" "Mozilla/5.0 (Windows NT 10.0; Win64; x64) AppleWebKit/537.36 (KHTML, like Gecko) Chrome/151.0.0.0 Safari/537.36"
186.247.173.21 - - [02/Sep/2026:13:33:25 +0000] "GET /favicon.ico HTTP/1.1" 404 - "https://oxoserver.com/better/" "Mozilla/5.0 (Windows NT 10.0; Win64; x64) AppleWebKit/537.36 (KHTML, like Gecko) Chrome/151.0.0.0 Safari/537.36"
9.169.126.14 - - [02/Sep/2026:13:33:31 +0000] "HEAD /mhanat HTTP/1.1" 301 - "-" "Mozilla/5.0 (Windows NT 10.0; Win64; x64) AppleWebKit/537.36 (KHTML, like Gecko) Chrome/79.0.3945.74 Safari/537.36 Edg/79.0.309.43"
9.169.126.14 - - [02/Sep/2026:13:33:33 +0000] "HEAD /mhanat HTTP/1.1" 301 - "-" "Mozilla/5.0 (Windows NT 10.0; Win64; x64) AppleWebKit/537.36 (KHTML, like Gecko) Chrome/79.0.3945.74 Safari/537.36 Edg/79.0.309.43"
9.169.126.14 - - [02/Sep/2026:13:33:38 +0000] "GET /better/ HTTP/1.1" 200 6724 "-" "Mozilla/5.0 (Windows NT 10.0; Win64; x64) AppleWebKit/537.36 (KHTML, like Gecko) Chrome/142.0.7444.175 Safari/537.36"
9.169.126.14 - - [02/Sep/2026:13:33:41 +0000] "GET /favicon.ico HTTP/1.1" 404 - "https://oxoserver.com/better/" "Mozilla/5.0 (Windows NT 10.0; Win64; x64) AppleWebKit/537.36 (KHTML, like Gecko) Chrome/142.0.7444.175 Safari/537.36"
9.169.126.14 - - [02/Sep/2026:13:33:45 +0000] "HEAD /davis HTTP/1.1" 301 - "-" "Mozilla/5.0 (Windows NT 10.0; Win64; x64) AppleWebKit/537.36 (KHTML, like Gecko) Chrome/79.0.3945.74 Safari/537.36 Edg/79.0.309.43"
9.169.126.14 - - [02/Sep/2026:13:34:43 +0000] "HEAD /davis HTTP/1.1" 301 - "-" "Mozilla/5.0 (Windows NT 10.0; Win64; x64) AppleWebKit/537.36 (KHTML, like Gecko) Chrome/79.0.3945.74 Safari/537.36 Edg/79.0.309.43"
104.47.73.254 - - [02/Sep/2026:13:35:20 +0000] "HEAD /better HTTP/1.1" 301 - "-" "-"
104.47.73.254 - - [02/Sep/2026:13:35:20 +0000] "HEAD /better/ HTTP/1.1" 200 - "-" "-"
74.122.235.250 - - [02/Sep/2026:13:35:21 +0000] "GET /better HTTP/1.1" 301 277 "-" "Mozilla/5.0 (Windows NT 10.0; Win64; x64) AppleWebKit/537.36 (KHTML, like Gecko) Chrome/152.0.0.0 Safari/537.36 Edg/152.0.0.0"
74.122.235.250 - - [02/Sep/2026:13:35:21 +0000] "GET /better/ HTTP/1.1" 200 6724 "-" "Mozilla/5.0 (Windows NT 10.0; Win64; x64) AppleWebKit/537.36 (KHTML, like Gecko) Chrome/152.0.0.0 Safari/537.36 Edg/152.0.0.0"
74.122.235.250 - - [02/Sep/2026:13:35:21 +0000] "GET /favicon.ico HTTP/1.1" 404 - "https://oxoserver.com/better/" "Mozilla/5.0 (Windows NT 10.0; Win64; x64) AppleWebKit/537.36 (KHTML, like Gecko) Chrome/152.0.0.0 Safari/537.36 Edg/152.0.0.0"
9.169.126.14 - - [02/Sep/2026:13:35:42 +0000] "HEAD /better HTTP/1.1" 301 - "-" "Mozilla/5.0 (Windows NT 10.0; Win64; x64) AppleWebKit/537.36 (KHTML, like Gecko) Chrome/79.0.3945.74 Safari/537.36 Edg/79.0.309.43"
9.169.126.14 - - [02/Sep/2026:13:35:48 +0000] "HEAD /better HTTP/1.1" 301 - "-" "Mozilla/5.0 (Windows NT 10.0; Win64; x64) AppleWebKit/537.36 (KHTML, like Gecko) Chrome/79.0.3945.74 Safari/537.36 Edg/79.0.309.43"
18.232.145.195 - - [02/Sep/2026:13:35:50 +0000] "GET /better HTTP/1.1" 301 277 "-" "Mozilla/5.0 (X11; Linux x86_64) AppleWebKit/537.36 (KHTML, like Gecko) HeadlessChrome/145.0.7632.6 Safari/537.36"
18.232.145.195 - - [02/Sep/2026:13:35:50 +0000] "GET /better/ HTTP/1.1" 200 6724 "-" "Mozilla/5.0 (X11; Linux x86_64) AppleWebKit/537.36 (KHTML, like Gecko) HeadlessChrome/145.0.7632.6 Safari/537.36"
9.169.126.14 - - [02/Sep/2026:13:35:52 +0000] "HEAD /better HTTP/1.1" 301 - "-" "Mozilla/5.0 (Windows NT 10.0; Win64; x64) AppleWebKit/537.36 (KHTML, like Gecko) Chrome/79.0.3945.74 Safari/537.36 Edg/79.0.309.43"
9.169.126.14 - - [02/Sep/2026:13:35:52 +0000] "HEAD /mhanat HTTP/1.1" 301 - "-" "Mozilla/5.0 (Windows NT 10.0; Win64; x64) AppleWebKit/537.36 (KHTML, like Gecko) Chrome/79.0.3945.74 Safari/537.36 Edg/79.0.309.43"
72.153.230.165 - - [02/Sep/2026:13:35:56 +0000] "HEAD /better HTTP/1.1" 301 - "-" "Mozilla/5.0 (Windows NT 10.0; Win64; x64) AppleWebKit/537.36 (KHTML, like Gecko) Chrome/79.0.3945.74 Safari/537.36 Edg/79.0.309.43"
9.169.126.14 - - [02/Sep/2026:13:35:58 +0000] "GET /better/ HTTP/1.1" 200 6724 "-" "Mozilla/5.0 (Windows NT 10.0; Win64; x64) AppleWebKit/537.36 (KHTML, like Gecko) Chrome/142.0.7444.175 Safari/537.36"
9.169.126.14 - - [02/Sep/2026:13:36:01 +0000] "GET /favicon.ico HTTP/1.1" 404 - "https://oxoserver.com/better/" "Mozilla/5.0 (Windows NT 10.0; Win64; x64) AppleWebKit/537.36 (KHTML, like Gecko) Chrome/142.0.7444.175 Safari/537.36"
44.201.171.96 - - [02/Sep/2026:13:36:10 +0000] "GET /better HTTP/1.1" 301 277 "-" "Mozilla/5.0 (X11; Linux x86_64) AppleWebKit/537.36 (KHTML, like Gecko) HeadlessChrome/145.0.7632.6 Safari/537.36"
44.201.171.96 - - [02/Sep/2026:13:36:10 +0000] "GET /better/ HTTP/1.1" 200 6724 "-" "Mozilla/5.0 (X11; Linux x86_64) AppleWebKit/537.36 (KHTML, like Gecko) HeadlessChrome/145.0.7632.6 Safari/537.36"
9.169.126.14 - - [02/Sep/2026:13:36:20 +0000] "HEAD /better HTTP/1.1" 301 - "-" "Mozilla/5.0 (Windows NT 10.0; Win64; x64) AppleWebKit/537.36 (KHTML, like Gecko) Chrome/79.0.3945.74 Safari/537.36 Edg/79.0.309.43"
67.171.235.213 - - [02/Sep/2026:13:36:21 +0000] "GET /better HTTP/1.1" 301 277 "android-app://com.google.android.gm/" "Mozilla/5.0 (Linux; Android 10; K) AppleWebKit/537.36 (KHTML, like Gecko) Chrome/152.0.0.0 Mobile Safari/537.36"
67.171.235.213 - - [02/Sep/2026:13:36:22 +0000] "GET /better/ HTTP/1.1" 200 6724 "android-app://com.google.android.gm/" "Mozilla/5.0 (Linux; Android 10; K) AppleWebKit/537.36 (KHTML, like Gecko) Chrome/152.0.0.0 Mobile Safari/537.36"
3.236.110.39 - - [02/Sep/2026:13:36:22 +0000] "GET /better HTTP/1.1" 301 277 "-" "Mozilla/5.0 (Windows NT 10.0; Win64; x64) AppleWebKit/537.36 (KHTML, like Gecko) Chrome/139.0.0.0 Safari/537.36"
3.236.110.39 - - [02/Sep/2026:13:36:22 +0000] "GET /better/ HTTP/1.1" 200 6724 "https://oxoserver.com/better" "Mozilla/5.0 (Windows NT 10.0; Win64; x64) AppleWebKit/537.36 (KHTML, like Gecko) Chrome/139.0.0.0 Safari/537.36"
67.171.235.213 - - [02/Sep/2026:13:36:22 +0000] "GET /favicon.ico HTTP/1.1" 404 - "https://oxoserver.com/better/" "Mozilla/5.0 (Linux; Android 10; K) AppleWebKit/537.36 (KHTML, like Gecko) Chrome/152.0.0.0 Mobile Safari/537.36"
9.169.126.14 - - [02/Sep/2026:13:36:32 +0000] "GET /better/ HTTP/1.1" 200 6724 "-" "Mozilla/5.0 (Windows NT 10.0; Win64; x64) AppleWebKit/537.36 (KHTML, like Gecko) Chrome/142.0.7444.163 Safari/537.36"
9.169.126.14 - - [02/Sep/2026:13:36:35 +0000] "GET /favicon.ico HTTP/1.1" 404 - "https://oxoserver.com/better/" "Mozilla/5.0 (Windows NT 10.0; Win64; x64) AppleWebKit/537.36 (KHTML, like Gecko) Chrome/142.0.7444.163 Safari/537.36"
44.199.9.2 - - [02/Sep/2026:13:36:35 +0000] "GET /better HTTP/1.1" 301 277 "-" "Mozilla/5.0 (X11; Linux x86_64) AppleWebKit/537.36 (KHTML, like Gecko) Chrome/124.0.0.0 Safari/537.36"
44.199.9.2 - - [02/Sep/2026:13:36:35 +0000] "GET /better/ HTTP/1.1" 200 6724 "-" "Mozilla/5.0 (X11; Linux x86_64) AppleWebKit/537.36 (KHTML, like Gecko) Chrome/124.0.0.0 Safari/537.36"
44.199.9.2 - - [02/Sep/2026:13:36:38 +0000] "GET /favicon.ico HTTP/1.1" 404 - "-" "Mozilla/5.0 (X11; Linux x86_64) AppleWebKit/537.36 (KHTML, like Gecko) Chrome/124.0.0.0 Safari/537.36"
9.169.126.14 - - [02/Sep/2026:13:36:44 +0000] "HEAD /davis HTTP/1.1" 301 - "-" "Mozilla/5.0 (Windows NT 10.0; Win64; x64) AppleWebKit/537.36 (KHTML, like Gecko) Chrome/79.0.3945.74 Safari/537.36 Edg/79.0.309.43"
9.169.126.14 - - [02/Sep/2026:13:37:02 +0000] "HEAD /davis HTTP/1.1" 301 - "-" "Mozilla/5.0 (Windows NT 10.0; Win64; x64) AppleWebKit/537.36 (KHTML, like Gecko) Chrome/79.0.3945.74 Safari/537.36 Edg/79.0.309.43"
9.169.126.14 - - [02/Sep/2026:13:37:16 +0000] "GET /better/ HTTP/1.1" 200 6724 "-" "Mozilla/5.0 (Macintosh; Intel Mac OS X 10_15_7) AppleWebKit/537.36 (KHTML, like Gecko) Chrome/143.0.0.0 Safari/537.36"
9.169.126.14 - - [02/Sep/2026:13:37:17 +0000] "HEAD /mhanat HTTP/1.1" 301 - "-" "Mozilla/5.0 (Windows NT 10.0; Win64; x64) AppleWebKit/537.36 (KHTML, like Gecko) Chrome/79.0.3945.74 Safari/537.36 Edg/79.0.309.43"
9.169.126.14 - - [02/Sep/2026:13:37:21 +0000] "GET /favicon.ico HTTP/1.1" 404 - "https://oxoserver.com/better/" "Mozilla/5.0 (Macintosh; Intel Mac OS X 10_15_7) AppleWebKit/537.36 (KHTML, like Gecko) Chrome/143.0.0.0 Safari/537.36"
9.169.126.14 - - [02/Sep/2026:13:37:43 +0000] "HEAD /mhanat HTTP/1.1" 301 - "-" "Mozilla/5.0 (Windows NT 10.0; Win64; x64) AppleWebKit/537.36 (KHTML, like Gecko) Chrome/79.0.3945.74 Safari/537.36 Edg/79.0.309.43"
23.105.36.16 - - [02/Sep/2026:13:37:56 +0000] "GET /better HTTP/1.1" 301 277 "-" "Mozilla/5.0 (Windows NT 10.0; Win64; x64) AppleWebKit/537.36 (KHTML, like Gecko) Chrome/149.0.0.0 Safari/537.36"
9.169.126.14 - - [02/Sep/2026:13:37:56 +0000] "GET /better/ HTTP/1.1" 200 6724 "-" "Mozilla/5.0 (Windows NT 10.0; Win64; x64) AppleWebKit/537.36 (KHTML, like Gecko) Chrome/142.0.7444.163 Safari/537.36"
9.169.126.14 - - [02/Sep/2026:13:37:59 +0000] "GET /favicon.ico HTTP/1.1" 404 - "https://oxoserver.com/better/" "Mozilla/5.0 (Windows NT 10.0; Win64; x64) AppleWebKit/537.36 (KHTML, like Gecko) Chrome/142.0.7444.163 Safari/537.36"
9.169.126.14 - - [02/Sep/2026:13:38:02 +0000] "HEAD /davis HTTP/1.1" 301 - "-" "Mozilla/5.0 (Windows NT 10.0; Win64; x64) AppleWebKit/537.36 (KHTML, like Gecko) Chrome/79.0.3945.74 Safari/537.36 Edg/79.0.309.43"
23.105.36.16 - - [02/Sep/2026:13:38:03 +0000] "GET /better/ HTTP/1.1" 200 6724 "-" "Mozilla/5.0 (Windows NT 10.0; Win64; x64) AppleWebKit/537.36 (KHTML, like Gecko) Chrome/149.0.0.0 Safari/537.36"
9.169.126.14 - - [02/Sep/2026:13:38:06 +0000] "HEAD /better HTTP/1.1" 301 - "-" "Mozilla/5.0 (Windows NT 10.0; Win64; x64) AppleWebKit/537.36 (KHTML, like Gecko) Chrome/79.0.3945.74 Safari/537.36 Edg/79.0.309.43"
9.169.126.14 - - [02/Sep/2026:13:38:09 +0000] "GET /better/ HTTP/1.1" 200 6724 "-" "Mozilla/5.0 (Windows NT 10.0; Win64; x64) AppleWebKit/537.36 (KHTML, like Gecko) Chrome/142.0.7444.162 Safari/537.36"
9.169.126.14 - - [02/Sep/2026:13:38:11 +0000] "GET /favicon.ico HTTP/1.1" 404 - "https://oxoserver.com/better/" "Mozilla/5.0 (Windows NT 10.0; Win64; x64) AppleWebKit/537.36 (KHTML, like Gecko) Chrome/142.0.7444.162 Safari/537.36"
23.105.36.16 - - [02/Sep/2026:13:38:12 +0000] "GET /favicon.ico HTTP/1.1" 404 - "https://oxoserver.com/better/" "Mozilla/5.0 (Windows NT 10.0; Win64; x64) AppleWebKit/537.36 (KHTML, like Gecko) Chrome/149.0.0.0 Safari/537.36"
9.169.126.14 - - [02/Sep/2026:13:38:13 +0000] "GET /better/ HTTP/1.1" 200 6724 "-" "Mozilla/5.0 (Windows NT 10.0; Win64; x64) AppleWebKit/537.36 (KHTML, like Gecko) Chrome/142.0.7444.162 Safari/537.36"
9.169.126.14 - - [02/Sep/2026:13:38:17 +0000] "GET /favicon.ico HTTP/1.1" 404 - "https://oxoserver.com/better/" "Mozilla/5.0 (Windows NT 10.0; Win64; x64) AppleWebKit/537.36 (KHTML, like Gecko) Chrome/142.0.7444.162 Safari/537.36"
9.169.126.14 - - [02/Sep/2026:13:38:22 +0000] "HEAD /mhanat HTTP/1.1" 301 - "-" "Mozilla/5.0 (Windows NT 10.0; Win64; x64) AppleWebKit/537.36 (KHTML, like Gecko) Chrome/79.0.3945.74 Safari/537.36 Edg/79.0.309.43"
9.169.126.14 - - [02/Sep/2026:13:38:32 +0000] "HEAD /mhanat HTTP/1.1" 301 - "-" "Mozilla/5.0 (Windows NT 10.0; Win64; x64) AppleWebKit/537.36 (KHTML, like Gecko) Chrome/79.0.3945.74 Safari/537.36 Edg/79.0.309.43"
9.169.126.14 - - [02/Sep/2026:13:38:45 +0000] "HEAD /better HTTP/1.1" 301 - "-" "Mozilla/5.0 (Windows NT 10.0; Win64; x64) AppleWebKit/537.36 (KHTML, like Gecko) Chrome/79.0.3945.74 Safari/537.36 Edg/79.0.309.43"
9.169.126.14 - - [02/Sep/2026:13:38:47 +0000] "GET /better/ HTTP/1.1" 200 6724 "-" "Mozilla/5.0 (Windows NT 6.1; Win64; x64) AppleWebKit/537.36 (KHTML, like Gecko) Chrome/140.0.7339.0 Safari/537.36"
9.169.126.14 - - [02/Sep/2026:13:38:49 +0000] "GET /favicon.ico HTTP/1.1" 404 - "https://oxoserver.com/better/" "Mozilla/5.0 (Windows NT 6.1; Win64; x64) AppleWebKit/537.36 (KHTML, like Gecko) Chrome/140.0.7339.0 Safari/537.36"
9.169.126.14 - - [02/Sep/2026:13:39:05 +0000] "HEAD /mhanat HTTP/1.1" 301 - "-" "Mozilla/5.0 (Windows NT 10.0; Win64; x64) AppleWebKit/537.36 (KHTML, like Gecko) Chrome/79.0.3945.74 Safari/537.36 Edg/79.0.309.43"
9.169.126.14 - - [02/Sep/2026:13:39:20 +0000] "HEAD /mhanat HTTP/1.1" 301 - "-" "Mozilla/5.0 (Windows NT 10.0; Win64; x64) AppleWebKit/537.36 (KHTML, like Gecko) Chrome/79.0.3945.74 Safari/537.36 Edg/79.0.309.43"
102.205.250.230 - - [02/Sep/2026:13:39:21 +0000] "GET /mhanat HTTP/1.1" 301 282 "-" "Mozilla/5.0 (Windows NT 10.0; Win64; x64) AppleWebKit/537.36 (KHTML, like Gecko) Chrome/152.0.0.0 Safari/537.36"
102.205.250.230 - - [02/Sep/2026:13:39:28 +0000] "GET /davis HTTP/1.1" 301 281 "-" "Mozilla/5.0 (Windows NT 10.0; Win64; x64) AppleWebKit/537.36 (KHTML, like Gecko) Chrome/152.0.0.0 Safari/537.36"
9.169.126.14 - - [02/Sep/2026:13:39:31 +0000] "HEAD /mhanat HTTP/1.1" 301 - "-" "Mozilla/5.0 (Windows NT 10.0; Win64; x64) AppleWebKit/537.36 (KHTML, like Gecko) Chrome/79.0.3945.74 Safari/537.36 Edg/79.0.309.43"
9.169.126.14 - - [02/Sep/2026:13:39:34 +0000] "GET /better/ HTTP/1.1" 200 6724 "-" "Mozilla/5.0 (Windows NT 6.1; Win64; x64) AppleWebKit/537.36 (KHTML, like Gecko) Chrome/140.0.7339.0 Safari/537.36"
9.169.126.14 - - [02/Sep/2026:13:39:38 +0000] "GET /favicon.ico HTTP/1.1" 404 - "https://oxoserver.com/better/" "Mozilla/5.0 (Windows NT 6.1; Win64; x64) AppleWebKit/537.36 (KHTML, like Gecko) Chrome/140.0.7339.0 Safari/537.36"
9.169.126.14 - - [02/Sep/2026:13:39:58 +0000] "HEAD /better HTTP/1.1" 301 - "-" "Mozilla/5.0 (Windows NT 10.0; Win64; x64) AppleWebKit/537.36 (KHTML, like Gecko) Chrome/79.0.3945.74 Safari/537.36 Edg/79.0.309.43"
9.169.126.14 - - [02/Sep/2026:13:40:02 +0000] "HEAD /mhanat HTTP/1.1" 301 - "-" "Mozilla/5.0 (Windows NT 10.0; Win64; x64) AppleWebKit/537.36 (KHTML, like Gecko) Chrome/79.0.3945.74 Safari/537.36 Edg/79.0.309.43"
104.47.58.254 - - [02/Sep/2026:13:40:25 +0000] "HEAD /better HTTP/1.1" 301 - "-" "-"
104.47.58.254 - - [02/Sep/2026:13:40:25 +0000] "HEAD /better/ HTTP/1.1" 200 - "-" "-"
107.167.223.66 - - [02/Sep/2026:13:40:25 +0000] "GET /better HTTP/1.1" 301 277 "-" "Mozilla/5.0 (Windows NT 10.0; Win64; x64) AppleWebKit/537.36 (KHTML, like Gecko) Chrome/152.0.0.0 Safari/537.36"
107.167.223.66 - - [02/Sep/2026:13:40:25 +0000] "GET /better/ HTTP/1.1" 200 6724 "-" "Mozilla/5.0 (Windows NT 10.0; Win64; x64) AppleWebKit/537.36 (KHTML, like Gecko) Chrome/152.0.0.0 Safari/537.36"
107.167.223.66 - - [02/Sep/2026:13:40:25 +0000] "GET /favicon.ico HTTP/1.1" 404 - "https://oxoserver.com/better/" "Mozilla/5.0 (Windows NT 10.0; Win64; x64) AppleWebKit/537.36 (KHTML, like Gecko) Chrome/152.0.0.0 Safari/537.36"
9.169.126.14 - - [02/Sep/2026:13:40:32 +0000] "HEAD /mhanat HTTP/1.1" 301 - "-" "Mozilla/5.0 (Windows NT 10.0; Win64; x64) AppleWebKit/537.36 (KHTML, like Gecko) Chrome/79.0.3945.74 Safari/537.36 Edg/79.0.309.43"
54.172.100.157 - - [02/Sep/2026:13:40:32 +0000] "GET /better HTTP/1.1" 301 277 "-" "Mozilla/5.0 (Windows NT 10.0; Win64; x64) AppleWebKit/537.36 (KHTML, like Gecko) Chrome/152.0.0.0 Safari/537.36"
54.172.100.157 - - [02/Sep/2026:13:40:32 +0000] "GET /better/ HTTP/1.1" 200 6724 "-" "Mozilla/5.0 (Windows NT 10.0; Win64; x64) AppleWebKit/537.36 (KHTML, like Gecko) Chrome/152.0.0.0 Safari/537.36"
54.172.100.157 - - [02/Sep/2026:13:40:35 +0000] "GET /favicon.ico HTTP/1.1" 404 - "-" "Mozilla/5.0 (X11; Linux x86_64) AppleWebKit/537.36 (KHTML, like Gecko) Chrome/124.0.0.0 Safari/537.36"
9.169.126.14 - - [02/Sep/2026:13:41:30 +0000] "GET /better/ HTTP/1.1" 200 6724 "-" "Mozilla/5.0 (Windows NT 6.1; Win64; x64) AppleWebKit/537.36 (KHTML, like Gecko) Chrome/140.0.7339.0 Safari/537.36"
9.169.126.14 - - [02/Sep/2026:13:41:33 +0000] "GET /favicon.ico HTTP/1.1" 404 - "https://oxoserver.com/better/" "Mozilla/5.0 (Windows NT 6.1; Win64; x64) AppleWebKit/537.36 (KHTML, like Gecko) Chrome/140.0.7339.0 Safari/537.36"
198.235.24.125 - - [02/Sep/2026:13:41:38 +0000] "GET / HTTP/1.1" 200 2258 "-" "Hello from Palo Alto Networks, find out more about our scans in https://docs-cortex.paloaltonetworks.com/r/1/Cortex-Xpanse/Scanning-activity"
131.247.226.196 - - [02/Sep/2026:13:41:42 +0000] "GET /davis HTTP/1.1" 301 281 "-" "Mozilla/5.0 (iPhone; CPU iPhone OS 18_7 like Mac OS X) AppleWebKit/605.1.15 (KHTML, like Gecko) Version/26.6.1 Mobile/15E148 Safari/604.1"
9.169.126.14 - - [02/Sep/2026:13:42:45 +0000] "HEAD /better HTTP/1.1" 301 - "-" "Mozilla/5.0 (Windows NT 10.0; Win64; x64) AppleWebKit/537.36 (KHTML, like Gecko) Chrome/79.0.3945.74 Safari/537.36 Edg/79.0.309.43"
9.169.126.14 - - [02/Sep/2026:13:42:47 +0000] "HEAD /better HTTP/1.1" 301 - "-" "Mozilla/5.0 (Windows NT 10.0; Win64; x64) AppleWebKit/537.36 (KHTML, like Gecko) Chrome/79.0.3945.74 Safari/537.36 Edg/79.0.309.43"
185.159.158.65 - - [02/Sep/2026:13:42:56 +0000] "GET /better HTTP/1.1" 301 277 "-" "Mozilla/5.0 (X11; Linux x86_64) AppleWebKit/537.36 (KHTML, like Gecko) Chrome/152.0.0.0 Safari/537.36"
185.159.158.65 - - [02/Sep/2026:13:42:57 +0000] "GET /better/ HTTP/1.1" 200 6724 "-" "Mozilla/5.0 (X11; Linux x86_64) AppleWebKit/537.36 (KHTML, like Gecko) Chrome/152.0.0.0 Safari/537.36"
185.159.158.65 - - [02/Sep/2026:13:42:57 +0000] "GET /favicon.ico HTTP/1.1" 404 - "https://oxoserver.com/better/" "Mozilla/5.0 (X11; Linux x86_64) AppleWebKit/537.36 (KHTML, like Gecko) Chrome/152.0.0.0 Safari/537.36"
9.169.126.14 - - [02/Sep/2026:13:43:04 +0000] "HEAD /better HTTP/1.1" 301 - "-" "Mozilla/5.0 (Windows NT 10.0; Win64; x64) AppleWebKit/537.36 (KHTML, like Gecko) Chrome/79.0.3945.74 Safari/537.36 Edg/79.0.309.43"
9.169.126.14 - - [02/Sep/2026:13:43:27 +0000] "GET /better/ HTTP/1.1" 200 6724 "-" "Mozilla/5.0 (Macintosh; Intel Mac OS X 10_15_7) AppleWebKit/537.36 (KHTML, like Gecko) Chrome/135.0.0.0 Safari/537.36"
9.169.126.14 - - [02/Sep/2026:13:43:30 +0000] "GET /favicon.ico HTTP/1.1" 404 - "https://oxoserver.com/better/" "Mozilla/5.0 (Macintosh; Intel Mac OS X 10_15_7) AppleWebKit/537.36 (KHTML, like Gecko) Chrome/135.0.0.0 Safari/537.36"
104.47.59.254 - - [02/Sep/2026:13:44:01 +0000] "HEAD /better HTTP/1.1" 301 - "-" "-"
104.47.59.254 - - [02/Sep/2026:13:44:01 +0000] "HEAD /better/ HTTP/1.1" 200 - "-" "-"
85.203.47.91 - - [02/Sep/2026:13:44:02 +0000] "GET /better HTTP/1.1" 301 277 "-" "Mozilla/5.0 (Windows NT 10.0; Win64; x64) AppleWebKit/537.36 (KHTML, like Gecko) Chrome/133.0.0.0 Safari/537.36 Edg/133.0.0.0"
85.203.47.91 - - [02/Sep/2026:13:44:02 +0000] "GET /better/ HTTP/1.1" 200 6724 "-" "Mozilla/5.0 (Windows NT 10.0; Win64; x64) AppleWebKit/537.36 (KHTML, like Gecko) Chrome/133.0.0.0 Safari/537.36 Edg/133.0.0.0"
85.203.47.91 - - [02/Sep/2026:13:44:03 +0000] "GET /favicon.ico HTTP/1.1" 404 - "https://oxoserver.com/better/" "Mozilla/5.0 (Windows NT 10.0; Win64; x64) AppleWebKit/537.36 (KHTML, like Gecko) Chrome/133.0.0.0 Safari/537.36 Edg/133.0.0.0"
85.203.47.91 - - [02/Sep/2026:13:44:03 +0000] "GET /favicon.ico HTTP/1.1" 404 - "-" "Mozilla/5.0 (Windows NT 10.0; Win64; x64) AppleWebKit/537.36 (KHTML, like Gecko) Chrome/133.0.0.0 Safari/537.36 Edg/133.0.0.0"
85.203.47.91 - - [02/Sep/2026:13:44:06 +0000] "GET /favicon.ico HTTP/1.1" 404 - "-" "Mozilla/5.0 (Windows NT 10.0; Win64; x64) AppleWebKit/537.36 (KHTML, like Gecko) Chrome/133.0.0.0 Safari/537.36 Edg/133.0.0.0"
85.203.47.91 - - [02/Sep/2026:13:44:10 +0000] "GET /favicon.ico HTTP/1.1" 404 - "-" "Mozilla/5.0 (Windows NT 10.0; Win64; x64) AppleWebKit/537.36 (KHTML, like Gecko) Chrome/133.0.0.0 Safari/537.36 Edg/133.0.0.0"
85.203.47.91 - - [02/Sep/2026:13:44:13 +0000] "GET /favicon.ico HTTP/1.1" 404 - "-" "Mozilla/5.0 (Windows NT 10.0; Win64; x64) AppleWebKit/537.36 (KHTML, like Gecko) Chrome/133.0.0.0 Safari/537.36 Edg/133.0.0.0"
85.203.47.91 - - [02/Sep/2026:13:44:24 +0000] "GET /favicon.ico HTTP/1.1" 404 - "-" "Mozilla/5.0 (Windows NT 10.0; Win64; x64) AppleWebKit/537.36 (KHTML, like Gecko) Chrome/133.0.0.0 Safari/537.36 Edg/133.0.0.0"
194.33.44.39 - - [02/Sep/2026:13:44:26 +0000] "GET /better HTTP/1.1" 301 277 "-" "Mozilla/5.0 (Windows NT 10.0; Win64; x64) AppleWebKit/537.36 (KHTML, like Gecko) Chrome/146.0.0.0 Safari/537.36"
194.33.44.39 - - [02/Sep/2026:13:44:26 +0000] "GET /better/ HTTP/1.1" 200 6724 "-" "Mozilla/5.0 (Windows NT 10.0; Win64; x64) AppleWebKit/537.36 (KHTML, like Gecko) Chrome/146.0.0.0 Safari/537.36"
3.83.138.108 - - [02/Sep/2026:13:44:44 +0000] "GET /favicon.ico HTTP/1.1" 404 - "-" "Mozilla/5.0 (Windows NT 6.3; WOW64; rv:38.0) Gecko/20100101 Firefox/38.0"
9.169.126.14 - - [02/Sep/2026:13:44:52 +0000] "HEAD /davis HTTP/1.1" 301 - "-" "Mozilla/5.0 (Windows NT 10.0; Win64; x64) AppleWebKit/537.36 (KHTML, like Gecko) Chrome/79.0.3945.74 Safari/537.36 Edg/79.0.309.43"
34.127.136.129 - - [02/Sep/2026:13:45:01 +0000] "HEAD /mhanat HTTP/1.1" 301 - "http://oxoserver.com" "Mozilla/5.0 (Windows NT 10.0; Win64; x64) AppleWebKit/537.36 (KHTML, like Gecko) Chrome/112.0.0.0 Safari/537.36 AppEngine-Google; (+http://code.google.com/appengine; appid: s~virustotalcloud)"
3.129.208.107 - - [02/Sep/2026:13:45:02 +0000] "GET /mhanat HTTP/1.1" 301 282 "-" "Mozilla/5.0 (Windows NT 10.0; Win64; x64) AppleWebKit/537.36 (KHTML, like Gecko) Chrome/114.0.0.0 Safari/537.36 Edg/114.0.1823.51"
3.15.7.100 - - [02/Sep/2026:13:45:02 +0000] "GET /mhanat HTTP/1.1" 301 282 "-" "Mozilla/5.0 (Windows NT 10.0; Win64; x64) AppleWebKit/537.36 (KHTML, like Gecko) Chrome/114.0.0.0 Safari/537.36 Edg/114.0.1823.51"
14.225.208.202 - - [02/Sep/2026:13:45:03 +0000] "HEAD /mhanat HTTP/1.1" 301 - "-" "Go-http-client/1.1"
34.127.136.129 - - [02/Sep/2026:13:45:11 +0000] "HEAD /mhanat HTTP/1.1" 301 - "http://oxoserver.com" "Mozilla/5.0 (Android 13; Mobile; rv:109.0) Gecko/112.0 Firefox/112.0 AppEngine-Google; (+http://code.google.com/appengine; appid: s~virustotalcloud)"
3.15.10.36 - - [02/Sep/2026:13:45:17 +0000] "GET /better HTTP/1.1" 301 277 "-" "Mozilla/5.0 (Windows NT 10.0; Win64; x64) AppleWebKit/537.36 (KHTML, like Gecko) Chrome/114.0.0.0 Safari/537.36 Edg/114.0.1823.51"
3.15.10.36 - - [02/Sep/2026:13:45:17 +0000] "GET /better/ HTTP/1.1" 200 6724 "-" "Mozilla/5.0 (Windows NT 10.0; Win64; x64) AppleWebKit/537.36 (KHTML, like Gecko) Chrome/114.0.0.0 Safari/537.36 Edg/114.0.1823.51"
34.127.136.128 - - [02/Sep/2026:13:45:17 +0000] "HEAD /better HTTP/1.1" 301 - "http://oxoserver.com" "Mozilla/5.0 (Windows NT 10.0; Win64; x64) AppleWebKit/537.36 (KHTML, like Gecko) Chrome/112.0.0.0 Safari/537.36 AppEngine-Google; (+http://code.google.com/appengine; appid: s~virustotalcloud)"
34.127.136.128 - - [02/Sep/2026:13:45:17 +0000] "HEAD /better/ HTTP/1.1" 200 - "http://oxoserver.com" "Mozilla/5.0 (Windows NT 10.0; Win64; x64) AppleWebKit/537.36 (KHTML, like Gecko) Chrome/112.0.0.0 Safari/537.36 AppEngine-Google; (+http://code.google.com/appengine; appid: s~virustotalcloud)"
3.15.7.100 - - [02/Sep/2026:13:45:17 +0000] "GET /better HTTP/1.1" 301 277 "-" "Mozilla/5.0 (Windows NT 10.0; Win64; x64) AppleWebKit/537.36 (KHTML, like Gecko) Chrome/114.0.0.0 Safari/537.36 Edg/114.0.1823.51"
3.15.7.100 - - [02/Sep/2026:13:45:17 +0000] "GET /better/ HTTP/1.1" 200 6724 "-" "Mozilla/5.0 (Windows NT 10.0; Win64; x64) AppleWebKit/537.36 (KHTML, like Gecko) Chrome/114.0.0.0 Safari/537.36 Edg/114.0.1823.51"
34.127.136.128 - - [02/Sep/2026:13:45:17 +0000] "GET /better/ HTTP/1.1" 200 6724 "http://oxoserver.com" "Mozilla/5.0 (Windows NT 10.0; Win64; x64) AppleWebKit/537.36 (KHTML, like Gecko) Chrome/112.0.0.0 Safari/537.36 AppEngine-Google; (+http://code.google.com/appengine; appid: s~virustotalcloud)"
9.169.126.14 - - [02/Sep/2026:13:45:27 +0000] "GET /better/ HTTP/1.1" 200 6724 "-" "Mozilla/5.0 (Macintosh; Intel Mac OS X 10_15_7) AppleWebKit/537.36 (KHTML, like Gecko) Chrome/135.0.0.0 Safari/537.36"
9.169.126.14 - - [02/Sep/2026:13:45:33 +0000] "GET /favicon.ico HTTP/1.1" 404 - "https://oxoserver.com/better/" "Mozilla/5.0 (Macintosh; Intel Mac OS X 10_15_7) AppleWebKit/537.36 (KHTML, like Gecko) Chrome/135.0.0.0 Safari/537.36"
34.174.239.75 - - [02/Sep/2026:13:45:34 +0000] "GET /better HTTP/1.1" 301 277 "-" "Mozilla/5.0 (Windows NT 10.0; Win64; x64; rv:125.0) Gecko/20100101 Firefox/125.0"
34.174.239.75 - - [02/Sep/2026:13:45:34 +0000] "GET /better/ HTTP/1.1" 200 6724 "-" "Mozilla/5.0 (Windows NT 10.0; Win64; x64; rv:125.0) Gecko/20100101 Firefox/125.0"
34.174.239.75 - - [02/Sep/2026:13:45:34 +0000] "GET /favicon.ico HTTP/1.1" 404 - "https://oxoserver.com/better/" "Mozilla/5.0 (Windows NT 10.0; Win64; x64; rv:125.0) Gecko/20100101 Firefox/125.0"
5.25.157.12 - - [02/Sep/2026:13:45:41 +0000] "GET /tag/dedicatedserverinusa/ HTTP/1.1" 404 - "-" "Mozilla/5.0 (compatible; ant-html/1.0; +https://kuaishou.com/bot)"
178.93.200.25 - - [02/Sep/2026:13:46:14 +0000] "GET /better HTTP/1.1" 301 277 "-" "Mozilla/5.0 (Windows NT 10.0; Win64; x64) AppleWebKit/537.36 (KHTML, like Gecko) Chrome/84.0.4147.89 Safari/537.36"
9.169.126.14 - - [02/Sep/2026:13:46:33 +0000] "GET /better/ HTTP/1.1" 200 6724 "-" "Mozilla/5.0 (Macintosh; Intel Mac OS X 10_15_7) AppleWebKit/537.36 (KHTML, like Gecko) Chrome/135.0.0.0 Safari/537.36"
72.157.222.125 - - [02/Sep/2026:13:46:35 +0000] "GET /davis HTTP/1.1" 301 281 "-" "Mozilla/5.0 (iPhone; CPU iPhone OS 18_7 like Mac OS X) AppleWebKit/605.1.15 (KHTML, like Gecko) Version/26.6.1 Mobile/15E148 Safari/604.1"
9.169.126.14 - - [02/Sep/2026:13:46:37 +0000] "GET /favicon.ico HTTP/1.1" 404 - "https://oxoserver.com/better/" "Mozilla/5.0 (Macintosh; Intel Mac OS X 10_15_7) AppleWebKit/537.36 (KHTML, like Gecko) Chrome/135.0.0.0 Safari/537.36"
104.47.55.254 - - [02/Sep/2026:13:46:40 +0000] "HEAD /davis HTTP/1.1" 301 - "-" "-"
177.10.175.227 - - [02/Sep/2026:13:46:43 +0000] "GET /tag/dedicatedserverinusa/ HTTP/1.1" 404 - "-" "Mozilla/5.0 (compatible; ant-html/1.0; +https://kuaishou.com/bot)"
35.245.9.90 - - [02/Sep/2026:13:46:56 +0000] "GET /mhanat HTTP/1.1" 301 282 "-" "Mozilla/5.0 (Macintosh; Intel Mac OS X 10_15_7) AppleWebKit/537.36 (KHTML, like Gecko) Chrome/124.0.0.0 Safari/537.36"
104.47.58.254 - - [02/Sep/2026:13:47:00 +0000] "HEAD /davis HTTP/1.1" 301 - "-" "-"
74.179.70.83 - - [02/Sep/2026:13:47:00 +0000] "HEAD /davis HTTP/1.1" 301 - "-" "Mozilla/5.0 (Windows NT 10.0; Win64; x64) AppleWebKit/537.36 (KHTML, like Gecko) Chrome/79.0.3945.74 Safari/537.36 Edg/79.0.309.43"
74.179.68.12 - - [02/Sep/2026:13:47:19 +0000] "HEAD /davis HTTP/1.1" 301 - "-" "Mozilla/5.0 (Windows NT 10.0; Win64; x64) AppleWebKit/537.36 (KHTML, like Gecko) Chrome/79.0.3945.74 Safari/537.36 Edg/79.0.309.43"
147.90.167.22 - - [02/Sep/2026:13:47:19 +0000] "GET /better/ HTTP/1.1" 200 6724 "-" "Mozilla/5.0 (Windows NT 10.0; Win64; x64) AppleWebKit/537.36 (KHTML, like Gecko) Chrome/84.0.4147.89 Safari/537.36"
9.169.126.14 - - [02/Sep/2026:13:47:37 +0000] "HEAD /davis HTTP/1.1" 301 - "-" "Mozilla/5.0 (Windows NT 10.0; Win64; x64) AppleWebKit/537.36 (KHTML, like Gecko) Chrome/79.0.3945.74 Safari/537.36 Edg/79.0.309.43"
9.169.126.14 - - [02/Sep/2026:13:47:42 +0000] "HEAD /davis HTTP/1.1" 301 - "-" "Mozilla/5.0 (Windows NT 10.0; Win64; x64) AppleWebKit/537.36 (KHTML, like Gecko) Chrome/79.0.3945.74 Safari/537.36 Edg/79.0.309.43"
104.47.56.254 - - [02/Sep/2026:13:47:43 +0000] "HEAD /davis HTTP/1.1" 301 - "-" "-"
205.188.37.3 - - [02/Sep/2026:13:47:53 +0000] "GET /better/ HTTP/1.1" 200 6724 "-" "Mozilla/5.0 (iPhone; CPU iPhone OS 26_3_0 like Mac OS X) AppleWebKit/605.1.15 (KHTML, like Gecko) CriOS/144.0.7559.95 Mobile/15E148 Safari/604.1"
205.188.37.3 - - [02/Sep/2026:13:47:53 +0000] "GET /favicon.ico HTTP/1.1" 404 - "https://oxoserver.com/better/" "Mozilla/5.0 (iPhone; CPU iPhone OS 26_3_0 like Mac OS X) AppleWebKit/605.1.15 (KHTML, like Gecko) CriOS/144.0.7559.95 Mobile/15E148 Safari/604.1"
74.179.68.33 - - [02/Sep/2026:13:47:56 +0000] "HEAD /davis HTTP/1.1" 301 - "-" "Mozilla/5.0 (Windows NT 10.0; Win64; x64) AppleWebKit/537.36 (KHTML, like Gecko) Chrome/79.0.3945.74 Safari/537.36 Edg/79.0.309.43"
176.100.243.133 - - [02/Sep/2026:13:47:57 +0000] "GET /mhanat HTTP/1.1" 301 282 "-" "Go-http-client/1.1"
176.100.243.133 - - [02/Sep/2026:13:48:01 +0000] "GET /better HTTP/1.1" 301 277 "-" "Go-http-client/1.1"
176.100.243.133 - - [02/Sep/2026:13:48:02 +0000] "GET /better/ HTTP/1.1" 200 6724 "-" "Go-http-client/1.1"
9.169.126.14 - - [02/Sep/2026:13:48:21 +0000] "GET /better/ HTTP/1.1" 200 6724 "-" "Mozilla/5.0 (Windows NT 10.0; Win64; x64) AppleWebKit/537.36 (KHTML, like Gecko) Chrome/142.0.7444.175 Safari/537.36"
9.169.126.14 - - [02/Sep/2026:13:48:24 +0000] "GET /favicon.ico HTTP/1.1" 404 - "https://oxoserver.com/better/" "Mozilla/5.0 (Windows NT 10.0; Win64; x64) AppleWebKit/537.36 (KHTML, like Gecko) Chrome/142.0.7444.175 Safari/537.36"
9.169.126.14 - - [02/Sep/2026:13:48:56 +0000] "HEAD /davis HTTP/1.1" 301 - "-" "Mozilla/5.0 (Windows NT 10.0; Win64; x64) AppleWebKit/537.36 (KHTML, like Gecko) Chrome/79.0.3945.74 Safari/537.36 Edg/79.0.309.43"
74.179.70.50 - - [02/Sep/2026:13:49:15 +0000] "HEAD /better HTTP/1.1" 301 - "-" "Mozilla/5.0 (Windows NT 10.0; Win64; x64) AppleWebKit/537.36 (KHTML, like Gecko) Chrome/79.0.3945.74 Safari/537.36 Edg/79.0.309.43"
9.169.126.14 - - [02/Sep/2026:13:49:37 +0000] "HEAD /davis HTTP/1.1" 301 - "-" "Mozilla/5.0 (Windows NT 10.0; Win64; x64) AppleWebKit/537.36 (KHTML, like Gecko) Chrome/79.0.3945.74 Safari/537.36 Edg/79.0.309.43"
9.169.126.14 - - [02/Sep/2026:13:49:46 +0000] "HEAD /davis HTTP/1.1" 301 - "-" "Mozilla/5.0 (Windows NT 10.0; Win64; x64) AppleWebKit/537.36 (KHTML, like Gecko) Chrome/79.0.3945.74 Safari/537.36 Edg/79.0.309.43"
74.179.70.50 - - [02/Sep/2026:13:50:22 +0000] "GET /better/ HTTP/1.1" 200 6724 "-" "Mozilla/5.0 (Windows NT 10.0; Win64; x64) AppleWebKit/537.36 (KHTML, like Gecko) Chrome/142.0.7444.163 Safari/537.36"
74.179.70.50 - - [02/Sep/2026:13:50:27 +0000] "GET /favicon.ico HTTP/1.1" 404 - "https://oxoserver.com/better/" "Mozilla/5.0 (Windows NT 10.0; Win64; x64) AppleWebKit/537.36 (KHTML, like Gecko) Chrome/142.0.7444.163 Safari/537.36"
94.100.133.123 - - [02/Sep/2026:13:50:29 +0000] "GET /better HTTP/1.1" 301 277 "-" "Mozilla/5.0 (Windows NT 10.0; Win64; x64) AppleWebKit/537.36 (KHTML, like Gecko) Chrome/142.0.7444.163 Safari/537.36"
91.121.225.164 - - [02/Sep/2026:13:50:29 +0000] "GET /better HTTP/1.1" 301 277 "-" "Mozilla/5.0 (Windows NT 10.0; Win64; x64) AppleWebKit/537.36 (KHTML, like Gecko) Chrome/131.0.0.0 Safari/537.36"
104.47.58.126 - - [02/Sep/2026:13:50:29 +0000] "HEAD /better HTTP/1.1" 301 - "-" "-"
94.100.133.123 - - [02/Sep/2026:13:50:29 +0000] "GET /better/ HTTP/1.1" 200 6724 "https://oxoserver.com/better" "Mozilla/5.0 (Windows NT 10.0; Win64; x64) AppleWebKit/537.36 (KHTML, like Gecko) Chrome/142.0.7444.163 Safari/537.36"
91.121.225.164 - - [02/Sep/2026:13:50:29 +0000] "GET /better/ HTTP/1.1" 200 6724 "-" "Mozilla/5.0 (Windows NT 10.0; Win64; x64) AppleWebKit/537.36 (KHTML, like Gecko) Chrome/131.0.0.0 Safari/537.36"
104.47.58.126 - - [02/Sep/2026:13:50:29 +0000] "HEAD /better/ HTTP/1.1" 200 - "-" "-"
74.179.70.50 - - [02/Sep/2026:13:50:31 +0000] "GET /better HTTP/1.1" 301 277 "-" "Mozilla/5.0 (Windows NT 10.0; Win64; x64) AppleWebKit/537.36 (KHTML, like Gecko) Chrome/142.0.7444.163 Safari/537.36"
74.179.70.50 - - [02/Sep/2026:13:50:31 +0000] "GET /better/ HTTP/1.1" 200 6724 "-" "Mozilla/5.0 (Windows NT 10.0; Win64; x64) AppleWebKit/537.36 (KHTML, like Gecko) Chrome/142.0.7444.163 Safari/537.36"
40.87.25.193 - - [02/Sep/2026:13:51:01 +0000] "HEAD /better.zip HTTP/1.1" 404 - "-" "Mozilla/5.0 (Windows NT 10.0; Win64; x64) AppleWebKit/537.36 (KHTML, like Gecko) Chrome/124.0.0.0 Safari/537.36"
40.87.25.193 - - [02/Sep/2026:13:51:01 +0000] "HEAD /better.rar HTTP/1.1" 404 - "-" "Mozilla/5.0 (Windows NT 10.0; Win64; x64) AppleWebKit/537.36 (KHTML, like Gecko) Chrome/124.0.0.0 Safari/537.36"
40.87.25.193 - - [02/Sep/2026:13:51:01 +0000] "HEAD /better.7z HTTP/1.1" 404 - "-" "Mozilla/5.0 (Windows NT 10.0; Win64; x64) AppleWebKit/537.36 (KHTML, like Gecko) Chrome/124.0.0.0 Safari/537.36"
40.87.25.193 - - [02/Sep/2026:13:51:01 +0000] "HEAD /better.tar HTTP/1.1" 404 - "-" "Mozilla/5.0 (Windows NT 10.0; Win64; x64) AppleWebKit/537.36 (KHTML, like Gecko) Chrome/124.0.0.0 Safari/537.36"
40.87.25.193 - - [02/Sep/2026:13:51:01 +0000] "HEAD /better.tar.gz HTTP/1.1" 404 - "-" "Mozilla/5.0 (Macintosh; Intel Mac OS X 10_15_7) AppleWebKit/605.1.15 (KHTML, like Gecko) Version/17.4 Safari/605.1.15"
72.81.248.226 - - [02/Sep/2026:13:51:18 +0000] "GET /davis HTTP/1.1" 301 281 "-" "Mozilla/5.0 (Windows NT 10.0; Win64; x64) AppleWebKit/537.36 (KHTML, like Gecko) Chrome/152.0.0.0 Safari/537.36 Edg/152.0.0.0"
27.60.165.154 - - [02/Sep/2026:13:52:07 +0000] "GET /tag/dedicatedserverinusa/ HTTP/1.1" 404 - "-" "Mozilla/5.0 (compatible; ant-html/1.0; +https://kuaishou.com/bot)"
74.179.68.93 - - [02/Sep/2026:13:54:03 +0000] "HEAD /davis HTTP/1.1" 301 - "-" "Mozilla/5.0 (Windows NT 10.0; Win64; x64) AppleWebKit/537.36 (KHTML, like Gecko) Chrome/79.0.3945.74 Safari/537.36 Edg/79.0.309.43"
24.111.222.108 - - [02/Sep/2026:13:54:22 +0000] "GET /mhanat HTTP/1.1" 301 282 "-" "Mozilla/5.0 (Windows NT 10.0; Win64; x64) AppleWebKit/537.36 (KHTML, like Gecko) Chrome/152.0.0.0 Safari/537.36 Edg/152.0.0.0"
104.47.73.126 - - [02/Sep/2026:13:54:37 +0000] "HEAD /better HTTP/1.1" 301 - "-" "-"
104.47.73.126 - - [02/Sep/2026:13:54:37 +0000] "HEAD /better HTTP/1.1" 301 - "-" "-"
104.47.73.126 - - [02/Sep/2026:13:54:37 +0000] "HEAD /better/ HTTP/1.1" 200 - "-" "-"
104.47.73.126 - - [02/Sep/2026:13:54:37 +0000] "HEAD /better HTTP/1.1" 301 - "-" "-"
104.47.73.126 - - [02/Sep/2026:13:54:37 +0000] "HEAD /better HTTP/1.1" 301 - "-" "-"
104.47.73.126 - - [02/Sep/2026:13:54:37 +0000] "HEAD /better/ HTTP/1.1" 200 - "-" "-"
104.47.73.126 - - [02/Sep/2026:13:54:37 +0000] "HEAD /better/ HTTP/1.1" 200 - "-" "-"
104.47.73.126 - - [02/Sep/2026:13:54:37 +0000] "HEAD /better/ HTTP/1.1" 200 - "-" "-"
161.123.183.137 - - [02/Sep/2026:13:55:00 +0000] "GET /better HTTP/1.1" 301 277 "-" "Mozilla/5.0 (Windows NT 10.0; Win64; x64) AppleWebKit/537.36 (KHTML, like Gecko) Chrome/141.0.7390.0 Safari/537.36"
161.123.183.137 - - [02/Sep/2026:13:55:00 +0000] "GET /better/ HTTP/1.1" 200 6724 "-" "Mozilla/5.0 (Windows NT 10.0; Win64; x64) AppleWebKit/537.36 (KHTML, like Gecko) Chrome/141.0.7390.0 Safari/537.36"
161.123.183.137 - - [02/Sep/2026:13:55:00 +0000] "GET /favicon.ico HTTP/1.1" 404 - "https://oxoserver.com/better/" "Mozilla/5.0 (Windows NT 10.0; Win64; x64) AppleWebKit/537.36 (KHTML, like Gecko) Chrome/141.0.7390.0 Safari/537.36"
104.47.57.254 - - [02/Sep/2026:13:55:54 +0000] "HEAD /davis HTTP/1.1" 301 - "-" "-"
104.47.58.254 - - [02/Sep/2026:13:55:54 +0000] "HEAD /davis HTTP/1.1" 301 - "-" "-"
104.47.57.254 - - [02/Sep/2026:13:55:55 +0000] "HEAD /davis HTTP/1.1" 301 - "-" "-"
72.153.231.4 - - [02/Sep/2026:13:56:01 +0000] "HEAD /davis HTTP/1.1" 301 - "-" "Mozilla/5.0 (Windows NT 10.0; Win64; x64) AppleWebKit/537.36 (KHTML, like Gecko) Chrome/79.0.3945.74 Safari/537.36 Edg/79.0.309.43"
128.85.97.37 - - [02/Sep/2026:13:56:04 +0000] "HEAD /davis HTTP/1.1" 301 - "-" "Mozilla/5.0 (Windows NT 10.0; Win64; x64) AppleWebKit/537.36 (KHTML, like Gecko) Chrome/79.0.3945.74 Safari/537.36 Edg/79.0.309.43"
72.153.231.12 - - [02/Sep/2026:13:56:05 +0000] "HEAD /davis HTTP/1.1" 301 - "-" "Mozilla/5.0 (Windows NT 10.0; Win64; x64) AppleWebKit/537.36 (KHTML, like Gecko) Chrome/79.0.3945.74 Safari/537.36 Edg/79.0.309.43"
104.47.55.254 - - [02/Sep/2026:13:56:15 +0000] "HEAD /davis HTTP/1.1" 301 - "-" "-"
